, what is 1 - -43?
44
In base 14, what is 52 + 4?
56
In base 2, what is 100 - 1001001?
-1000101
In base 14, what is -35b + -5?
-362
In base 14, what is 4 - -130?
134
In base 15, what is -1 - -45?
44
In base 15, what is -12 + -d?
-20
In base 4, what is 12 + -30?
-12
In base 10, what is -256 - 5?
-261
In base 11, what is 15495 - 1?
15494
In base 12, what is 11 - -6a?
7b
In base 12, what is -3 - -53?
50
In base 5, what is -1240243 - -2?
-1240241
In base 5, what is -41210 + 2?
-41203
In base 12, what is 47b4 - 4?
47b0
In base 14, what is -5 + -18b?
-192
In base 15, what is -2 + -59?
-5b
In base 8, what is 1217 + -2?
1215
In base 5, what is -1033442 + 0?
-1033442
In base 16, what is -4dcf + -2?
-4dd1
In base 13, what is 4 - -9a?
a1
In base 13, what is 29 - -26?
52
In base 6, what is 12 - -14?
30
In base 4, what is 0 - -13?
13
In base 12, what is -4b - -4?
-47
In base 10, what is -2144 + -5?
-2149
In base 11, what is 4 + -10?
-7
In base 9, what is -537 - -1?
-536
In base 2, what is 1 - -10001000110?
10001000111
In base 6, what is 2 - -151?
153
In base 14, what is -8 + 4?
-4
In base 12, what is -95 - 0?
-95
In base 10, what is 4 + 3130?
3134
In base 8, what is 1317 + -1?
1316
In base 12, what is -14 - 2b?
-43
In base 3, what is 10 - -2202?
2212
In base 14, what is -108a - -3?
-1087
In base 13, what is 5c + -1?
5b
In base 6, what is -12 - 3?
-15
In base 4, what is -30 + -21?
-111
In base 8, what is -6 - -165?
157
In base 6, what is 10 + 131?
141
In base 9, what is 5 + -6?
-1
In base 3, what is -12120200 - 10?
-12120210
In base 15, what is -1077 - 2?
-1079
In base 8, what is 5066 - -13?
5101
In base 15, what is -3 + 146?
143
In base 10, what is -1990 - -3?
-1987
In base 9, what is 13 + -326?
-313
In base 14, what is -11d + -3?
-122
In base 16, what is ac0 + -5?
abb
In base 16, what is -22f8 + 3?
-22f5
In base 11, what is -4 + -182?
-186
In base 10, what is -2 - -104?
102
In base 10, what is -125 - -5?
-120
In base 3, what is -202 - -120001?
112022
In base 15, what is -27e - 0?
-27e
In base 14, what is -15 + 29?
14
In base 13, what is -2c75 - 1?
-2c76
In base 9, what is 846 + 5?
852
In base 15, what is 8d + 4?
92
In base 2, what is -1010 + -1010111?
-1100001
In base 7, what is 0 - 1621?
-1621
In base 9, what is -11 + -318?
-330
In base 16, what is -5 - ad2?
-ad7
In base 3, what is -12 - 100000?
-100012
In base 8, what is -3162 + -1?
-3163
In base 2, what is -11 - -1011001010?
1011000111
In base 7, what is 0 + -3?
-3
In base 9, what is 5 + 218?
224
In base 8, what is -2217 + 3?
-2214
In base 2, what is 11 - -1001101010110?
1001101011001
In base 14, what is -2 - 2?
-4
In base 4, what is 3 - -10?
13
In base 4, what is 33 - 301?
-202
In base 13, what is -2 + -36?
-38
In base 6, what is -2154 - 5?
-2203
In base 6, what is -150 + 100?
-50
In base 3, what is 10022212 + -1?
10022211
In base 7, what is 30625 + -5?
30620
In base 15, what is 99 - -61?
10a
In base 4, what is -13 - 23322?
-30001
In base 7, what is -452 + 110?
-342
In base 11, what is 2740 + -3?
2738
In base 2, what is -10111 + 1011?
-1100
In base 10, what is 4 + 65?
69
In base 3, what is -22 + 201?
102
In base 16, what is -72 - -2?
-70
In base 16, what is 1 + 6?
7
In base 15, what is -d49 - -5?
-d44
In base 7, what is -5 - -10063?
10055
In base 16, what is -28 + -6?
-2e
In base 10, what is -35 + 426?
391
In base 6, what is 0 - 1400?
-1400
In base 5, what is 4 - 2401?
-2342
In base 5, what is -3403 - -1?
-3402
In base 7, what is -1 + -10610?
-10611
In base 16, what is 5b + -1a?
41
In base 15, what is 690b + 5?
6911
In base 13, what is -5 + -1209?
-1211
In base 14, what is 9 - 4b?
-42
In base 16, what is 230 - 4?
22c
In base 2, what is -10110 - -1?
-10101
In base 4, what is -2 + -212?
-220
In base 10, what is -264 - -2?
-262
In base 11, what is 3 + -83?
-80
In base 13, what is 44 - -4?
48
In base 2, what is -11 + 10011?
10000
In base 9, what is 3 - -346?
350
In base 16, what is -517 - 5?
-51c
In base 4, what is -32333 - 11?
-33010
In base 9, what is -224 + -5?
-230
In base 10, what is -6 - 100?
-106
In base 3, what is 110 + 1212?
2022
In base 2, what is -111 + -10111?
-11110
In base 10, what is 0 + 9897?
9897
In base 15, what is -249 + -3?
-24c
In base 15, what is -3 + 73?
70
In base 16, what is 1b + e?
29
In base 9, what is 2 + -87?
-85
In base 10, what is 0 - -53?
53
In base 10, what is 1946 - -7?
1953
In base 5, what is -3 + -4?
-12
In base 14, what is 5 + 23?
28
In base 4, what is -303 - 0?
-303
In base 15, what is 2 - 171?
-16e
In base 14, what is -148c + 1?
-148b
In base 6, what is 23 + -21?
2
In base 13, what is -277 + -1?
-278
In base 14, what is 5 - -6b7?
6bc
In base 11, what is 2853 + -5?
2849
In base 16, what is 7 - 6?
1
In base 12, what is 0 + -b?
-b
In base 4, what is 301 - 30?
211
In base 2, what is -1 - -1010010000?
1010001111
In base 14, what is -7 + -15c1?
-15c8
In base 16, what is -72 + -6?
-78
In base 2, what is -10 - -101110110?
101110100
In base 2, what is 100111011 + -1?
100111010
In base 15, what is -e - -20?
11
In base 6, what is -33 + 44?
11
In base 9, what is 83 + -116?
-23
In base 11, what is -276 + -2?
-278
In base 2, what is -1010 + -10000110000?
-10000111010
In base 2, what is 0 - 1000000111011?
-1000000111011
In base 7, what is 6 - 121?
-112
In base 10, what is 168 - -22?
190
In base 14, what is 0 - -1d?
1d
In base 7, what is 22245 + 4?
22252
In base 3, what is 12 + -2010?
-1221
In base 12, what is 2 - -12a?
130
In base 11, what is 22 - -44?
66
In base 4, what is -13031 - 0?
-13031
In base 13, what is 18 + -aa?
-92
In base 5, what is -3 + -313?
-321
In base 9, what is -502 + 4?
-487
In base 11, what is 5 + -5?
0
In base 2, what is -110 + 10001111001?
10001110011
In base 12, what is -5 - 315?
-31a
In base 3, what is 1 + -201202?
-201201
In base 4, what is -21 - 3131?
-3212
In base 11, what is -14 - 12?
-26
In base 8, what is -5 - -1324?
1317
In base 5, what is 10232 + -3?
10224
In base 14, what is -c - -a8?
9a
In base 11, what is -43 + -27?
-6a
In base 10, what is 3 - -361?
364
In base 9, what is -123 - -47?
-65
In base 10, what is 3891 + -2?
3889
In base 8, what is -7 + 47?
40
In base 7, what is -1 + 41?
40
In base 6, what is 4 + 424?
432
In base 11, what is -103 - 8?
-110
In base 15, what is 54 + -14?
40
In base 10, what is -3085 - -4?
-3081
In base 15, what is 5942 - 0?
5942
In base 15, what is -16 - 23?
-39
In base 10, what is 3 + 1325?
1328
In base 9, what is -375 + 0?
-375
In base 8, what is -12 + 12?
0
In base 8, what is 4 + 220?
224
In base 16, what is 0 + 189c?
189c
In base 3, what is -21 + 1011?
220
In base 6, what is 1443 + 5?
1452
In base 4, what is 0 - -21?
21
In base 13, what is 8 - -46?
51
In base 16, what is -27 + -8e?
-b5
In base 16, what is 205 - 1f?
1e6
In base 11, what is -7a + 0?
-7a
In base 6, what is 311 + 0?
311
In base 15, what is -5441 + 1?
-5440
In base 15, what is 0 - -8d9?
8d9
In base 16, what is 8 - 1e?
-16
In base 13, what is 4 + 377?
37b
In base 8, what is 51 - -37?
110
In base 16, what is 3 + -7?
-4
In base 9, what is 5 + -765?
-760
In base 11, what is 37 - 8?
2a
In base 2, what is -11101 - 10011?
-110000
In base 4, what is 1332 + -11?
1321
In base 13, what is 115 - -5?
11a
In base 6, what is 1301 - -20?
1321
In base 5, what is -1433 - 4?
-1442
In base 10, what is -32 - 72?
-104
In base 5, what is -2 - 202413?
-202420
In base 6, what is 0 + 2243?
2243
In base 7, what is 12 - -455?
500
In base 10, what is 4 - 2014?
-2010
In base 13, what is -1102 - -2?
-1100
In base 2, what is -1 - 1010001?
-1010010
In base 2, what is 101101 - 11101?
10000
In base 14, what is -1d - 106?
-125
In base 2, what is -110100 - -11?
-110001
In base 12, what is 3 + 135?
138
In base 12, what is -4 + -32?
-36
In base 6, what is 5 + -20353?
-20344
In base 3, what is -2 + 1101?
1022
In base 10, what is 117 - 5?
112
In base 14, what is -10 - -24?
14
In base 3, what is 101 - 11120201?
-11120100
In base 12, what is -9b4 + -5?
-9b9
In base 8, what is 55 + 414?
471
In base 7, what is 0 - -603?
603
In base 3, what is 0 + 1001222?
1001222
In base 5, what is 3 - 4011?
-4003
In base 15, what is -5 - -5d1?
5cb
In base 5, what is 3 + 4403?
4411
In base 8, what is 1054 - -2?
1056
In base 4, what is -1321003 + -10?
-1321013
In base 10, what is -2 - -129?
127
In base 10, what is